 0. List the prime factors of h.
3
Suppose 5*r + 2*m - 963 = 0, -m = -5*r - 0*r + 966. What are the prime factors of r?
193
Let h be (2 - (-1)/(-1)) + -7. Let u be (-136)/4*(-1)/2. Let v = u + h. List the prime factors of v.
11
Let z = 3 + 0. Suppose z*x - 15 = 12. Let l = x - 1. List the prime factors of l.
2
Suppose 4*b - 8*b + 620 = 0. What are the prime factors of b?
5, 31
Suppose -9*h - p + 2 = -4*h, 0 = -3*p - 9. Let b = h + 4. List the prime factors of (4/5)/(2/b).
2
Let w = 134 + -80. What are the prime factors of w?
2, 3
Let c be (-231)/22 - 1/(-2). What are the prime factors of ((-12)/c)/((-3)/(-40))?
2
Let o(t) = -7*t + 17. List the prime factors of o(-9).
2, 5
Let p(v) = -v**2 - 7*v - 10. Let n be p(-5). Suppose -2*l = -5*l - 2*g + 10, -4*l - 5*g + 25 = 0. Suppose l = -n*m + 2*m - 34. List the prime factors of m.
17
Let i = -16 + 24. Let n(v) = v - 4. What are the prime factors of n(i)?
2
Suppose -2*j = -0*j - 2*v - 126, 0 = 2*v - 2. What are the prime factors of j?
2
Let o(q) = 2*q**3 + q**2 - q + 32. What are the prime factors of o(0)?
2
Suppose -5*r + 15 = -0*r. Suppose -r*l - 18 = -90. List the prime factors of l.
2, 3
What are the prime factors of (114/10)/(5/25)?
3, 19
Suppose 3*a - 6 = 0, -2*g + 6 = -g + a. Suppose g*f = 6*f - 66. List the prime factors of f.
3, 11
Let u be (-1)/(-6)*-2*-9. What are the prime factors of 118/u + 4/6?
2, 5
Let y = 20 + -15. Suppose 0*a = -y*a + 175. List the prime factors of a.
5, 7
Let r = 1 - -2. Suppose -4 = r*a - 31. Let f(p) = -p + 11. List the prime factors of f(a).
2
Let b be (58/(-4))/(2/4). Suppose 5*n + 47 = -2*r, -2*r + 3*n = 7*n + 46. Let y = r - b. List the prime factors of y.
2
Let c(z) = 2*z + 9. List the prime factors of c(-3).
3
Let y = 52 - 23. What are the prime factors of y?
29
Suppose -47 = -3*t - 11. Let q be (20/(-6))/((-4)/t). Let a = q + -6. List the prime factors of a.
2
Suppose -18 = -2*b + 5*r, -2*r + 8 = b - 4*r. Let d(k) = 4*k - 6. What are the prime factors of d(b)?
2, 5
Let z be (-2)/((-2)/(-24)*-2). Let p(f) = f + 2. List the prime factors of p(z).
2, 7
Let p be (0/4)/((-1)/1). Suppose p = -h + 11. What are the prime factors of h?
11
Let w(a) = a + a**2 - 7 + 0*a**2 + a. What are the prime factors of w(-5)?
2
Suppose -3*u + 5*y = 3 - 23, 16 = 2*u - 4*y. Suppose u = -x + 2*x - 4. Suppose 13 = f - a, 7*f = 4*f + x*a + 42. What are the prime factors of f?
2, 5
Suppose 3*m = y + 85 + 36, 0 = m - 3*y - 27. List the prime factors of m.
2, 3, 7
Let q(g) = g**3 + g**2 + 32. Let k = 5 + -5. Let p be q(k). Suppose 5*v - 2*a = 2*a + 4, 4*v - p = -4*a. What are the prime factors of v?
2
Let y(j) = j + 10. Let o be y(-13). List the prime factors of ((-42)/(-3))/(5 + o).
7
Suppose 5*o = 4*y + 47, -2*o + 3*y + 0*y + 16 = 0. Suppose s - 2*a = o, 2*a - 4*a + 17 = 3*s. List the prime factors of s.
7
Suppose 76 = 5*v - 4*g + 11, -2*v + 3*g = -33. List the prime factors of v.
3
Suppose 4 + 8 = 3*m. Suppose -78 = -m*c - 2*p, -3*p + 100 = 3*c + 2*c. Suppose 28 = 5*o - c. List the prime factors of o.
3
Let d(j) = -9*j**3 + j**2 - j - 1. List the prime factors of d(-2).
7, 11
Suppose u - 6*u = -10. Suppose 4*f = u*s - f - 4, 3*f - 28 = 5*s. Let d(y) = y**2 + 7*y + 3. List the prime factors of d(s).
11
Suppose 3*s - 40 = s. What are the prime factors of s?
2, 5
Let c = 93 + -148. What are the prime factors of c/22*(-6)/5?
3
Let r(n) be the third derivative of n**4/4 - n**3/6 + 2*n**2. Let q be r(-2). Let i = q - -18. List the prime factors of i.
5
Let g(r) = r + 1. Suppose -3*o = -5*o + 6. List the prime factors of g(o).
2
Let u = 5 + -2. Suppose 2 = -2*v + u*v. Suppose 3*y - v = 55. List the prime factors of y.
19
Let x = -3 + 6. Suppose -n - 2*n = -x, -2*n - 118 = -3*j. List the prime factors of j.
2, 5
What are the prime factors of (-1)/((-245)/(-82) + -3)?
2, 41
Let s be (-4)/14 + (-78)/21. What are the prime factors of (-2)/4 - 66/s?
2
Suppose -10 = 5*x - 0. Let c(j) = -6*j - 3. What are the prime factors of c(x)?
3
Let s(c) = -c**2 - c - 5. Let x be s(0). Let q be x*(2/1 - 4). Suppose -2*h + 19 = 3*u, q = -0*u + u - 3*h. What are the prime factors of u?
7
Let w = -12 + 25. List the prime factors of w.
13
Suppose 3*a + 1 = -2*x - 0, 4*x + 5*a + 3 = 0. Let h = x + 2. Suppose h = 2*y + 3*y - 60. List the prime factors of y.
2, 3
Let p(v) be the first derivative of 3*v**2/2 - 5*v - 2. Let t be p(-6). Let s = -8 - t. List the prime factors of s.
3, 5
Suppose -4*y + v = -191, -y - 4*y - 4*v + 265 = 0. List the prime factors of y.
7
Let g(t) = 11*t**2 - 2*t - 1. Let r be g(-1). Suppose r = -5*f - 2*o - 20, f + 3*o = -9. List the prime factors of 4/f - 17/(-3).
5
Suppose -22 = -v + 5*h + 317, -1 = h. List the prime factors of v.
2, 167
Let u(t) = t**3 - t + 19. Let a be (-2 - (3 - 4))*0. List the prime factors of u(a).
19
Let t(i) = 3*i - 5. Let y be t(3). What are the prime factors of 8/(-12)*-54 - y?
2
Suppose -5*l + l = -72. List the prime factors of l.
2, 3
Suppose 2*r - 2*p + 5*p - 179 = 0, 4*p = -4*r + 352. What are the prime factors of r?
5, 17
Suppose -3*k = -2*k - 2. Suppose -4 = -h - k. List the prime factors of h.
2
Let b be (-25)/(-9) + (-8)/(-36). Let l(p) = -p**2 + 6*p - 2. What are the prime factors of l(b)?
7
Suppose -271 = -6*i + 125. What are the prime factors of i?
2, 3, 11
Suppose 0*b = b - 35. List the prime factors of b.
5, 7
Suppose 2*h - 2 = 0, -4*u + 4*h = 6*h - 90. List the prime factors of u.
2, 11
Let k(w) = -2*w. Let z be k(-1). Suppose 0 = -4*f - p + 59, -z*f = -p + 1 - 32. List the prime factors of 5/(-2)*(-18)/f.
3
Let k(l) = l**3 + 15*l**2 - 13*l - 6. Let p be k(-14). What are the prime factors of 3/9 - p/(-18)?
3, 7
Let q = 0 + 2. Suppose 5*v + q*j - 8 - 61 = 0, j = 3*v - 37. What are the prime factors of v?
13
Suppose 438 = 3*x + 5*v, 2*x - 7*x + 708 = v. List the prime factors of x.
3, 47
Suppose 2*j - 6*j - x = -8, 0 = -5*j - 2*x + 10. Suppose t = -j*t + 12. Suppose t*n = 88 + 8. What are the prime factors of n?
2, 3
Let n be 1/6*50*3. Suppose n = -3*i - 2. Let h(v) = -3*v - 11. What are the prime factors of h(i)?
2
Suppose 3*h + h - 128 = -5*d, 5*d = -3*h + 131. What are the prime factors of d?
2, 7
Suppose 0 = -5*n + 3*i + 39, -15 = -4*n + 3*i - 6*i. Suppose 3*a + n = 2*r, 0*r - 5*a = 3*r - 9. List the prime factors of r.
3
Let m = 14 + -7. Suppose -n = -2*n + m. List the prime factors of n.
7
Let a = -3 - -5. Suppose -z + 9 = a*z. Let h = 5 - z. What are the prime factors of h?
2
Let q be (-4)/22 - (-120)/(-66). Let d(h) = -12*h - 1. What are the prime factors of d(q)?
23
Let r = 61 - 19. List the prime factors of r.
2, 3, 7
Suppose 0 = -0*m + 5*m - 10, -3*m + 66 = -4*r. Let l = -11 - r. Suppose -4*y = l*c - 4, 4*y - 2*c + c = 24. List the prime factors of y.
5
Suppose -501 = -5*w - 4*v, -v = -5*w + 4*v + 510. What are the prime factors of w?
101
Let c(x) be the second derivative of -1/3*x**3 - 2*x**2 + 0 - x + 1/6*x**4. What are the prime factors of c(3)?
2
Let i(j) = -3*j**3 - 2*j**2 - 2*j - 3. Let c be i(-2). Suppose -5*m - 34 = -2*g, 5*m = g + m - c. List the prime factors of g.
17
Let m = 6 + -18. What are the prime factors of (-176)/m - 2/(-6)?
3, 5
Let r(x) be the first derivative of -x**4/4 + 5*x**3/3 + 7*x**2/2 - 3*x - 7. Suppose 2*v = -2*v - 5*d + 4, -22 = -5*v - 2*d. What are the prime factors of r(v)?
3
Suppose -12*y = -13*y + 268. What are the prime factors of y?
2, 67
Suppose -93 = -3*q + 54. Suppose v = 2*v - q. What are the prime factors of v?
7
Let q = 6 - 6. Let i = 0 + q. Let l = i + 3. List the prime factors of l.
3
Let j(r) = r**3 + 4*r**2 - 2*r - 3. Suppose -19*n + 15*n = 12. What are the prime factors of j(n)?
2, 3
Suppose 3*o + 11 = -2*a + 31, 0 = 3*a - 2*o - 56. Suppose 4*u - a = 4. List the prime factors of u.
5
Let i(o) = o**3 + 5*o**2 - 12*o - 9. List the prime factors of i(-5).
3, 17
Suppose 5*l - 3*l = -6, 0 = g - 4*l - 9. What are the prime factors of g + 3 + -2 + 35?
3, 11
Let f = -34 + 50. Suppose 3*a - 177 + 44 = 4*h, 4*h + f = 0. What are the prime factors of a?
3, 13
Let m = -29 + 51. List the prime factors of m.
2, 11
Let h(d) = -d**2 - 4*d + 1. Let o be h(-4). Let w = 5 - o. Suppose -4 = a - 9, 0 = -3*q + 4*a + w. List the prime factors of q.
2
Let i(s) = -14*s + 11. List the prime factors of i(-8).
3, 41
